 2. Give z(x).
8
Let h(f) be the second derivative of 5/6*f**3 - 2*f + 1/3*f**4 + 0 - 1/20*f**5 - f**2. Suppose 5*o = 3*o + 4, -2*o = -s + 1. Give h(s).
-2
Let m(x) = 29*x**2 + 16*x. Let c be (22 + -23)/(1/2). Let s(j) = -6*j**2 - 3*j. Let y(n) = c*m(n) - 11*s(n). Determine y(-1).
7
Let m(l) = -3*l - 14*l + 20*l - 4 + 3*l. Determine m(-3).
-22
Let d(s) be the second derivative of s**5/20 - 7*s**4/12 + s**3/6 - s**2 - 5*s - 11. What is d(7)?
5
Let k(p) = p**2 - 6*p. Suppose 0 = 2*y - 0 - 6. Suppose -y*i - 2*i = 0, 5*i = -3*t + 18. Give k(t).
0
Let p(b) = -b**2 + 4*b + 12. Let o be p(5). Let i(l) = 3*l - 3*l**2 + 1 - o*l + l**3 + 0*l. What is i(4)?
1
Let o(h) = 10*h + 3. Let r(m) = 2*m**3 - 30*m**2 + m - 17. Let i be r(15). Calculate o(i).
-17
Let f(g) = 9*g + 1. Let t(m) = 62*m - 121. Let y be t(2). What is f(y)?
28
Suppose -4*n = 133 + 167. Let f be (n/100)/((-1)/4). Let x(s) = s**2 - 2*s - 3. Give x(f).
0
Let l(d) = -d**3 + 13*d**2 - 10*d - 20. Let j be l(12). Let u(o) = 5 - j*o + 9*o - 6*o. Calculate u(3).
2
Let q(y) be the second derivative of -y**5/10 + 7*y**4/12 - 5*y**3/6 + y**2 - 42*y - 2. Determine q(4).
-34
Let p(y) be the first derivative of y**7/840 - y**6/120 + y**5/40 - y**4/8 + 7*y**3 + 33. Let g(l) be the third derivative of p(l). Determine g(3).
6
Let z = 517 + -1550/3. Let o(y) be the second derivative of 0 + z*y**3 - 4*y - 1/2*y**2 - 1/20*y**5 + 1/4*y**4. What is o(3)?
5
Let a(m) = 5*m + 40. Let q(z) = -14*z - 124. Let o(t) = 7*a(t) + 2*q(t). What is o(-5)?
-3
Let q(g) = 6*g**2 + 10*g - 26. Let f(y) = 5*y**2 + 11*y - 25. Let k(v) = 7*f(v) - 6*q(v). Give k(16).
-3
Let d(q) = -6*q**2 - q + 1. Let s be d(1). Let x(f) = 5 + 384*f + f**2 + 1 - 197*f - 181*f. What is x(s)?
6
Suppose -52 = 2*j - 38. Let d(z) = z - 12. Calculate d(j).
-19
Let o(q) = q**3 + 8*q**2 - 11*q - 11. Suppose -2*y + 9 - 26 = 3*d, 11 = d + 4*y. Calculate o(d).
7
Let v(c) = -c**3 + 9*c**2 + 3*c + 11. Let f be v(10). Let o = f - -55. Let i(s) = s**3 + 2*s**2 - 4*s + 5. Calculate i(o).
-11
Let v(i) = 2 + 0*i + 2*i + 3. Let r be v(-5). Let f(o) be the third derivative of -o**5/60 - o**4/6 - 5*o**3/6 - 830*o**2. What is f(r)?
-10
Let r = -9 + 5. Let w(f) = 5*f + 6. Let c(s) = -s**2 + 24*s + 31. Let a be 0 + 2 + (14 - 27). Let m(q) = a*w(q) + 2*c(q). Calculate m(r).
-8
Let q(g) = 2*g**2 + 13*g - 3. Let u(j) = -j**2 - 6*j + 2. Let p(c) = -2*q(c) - 5*u(c). Give p(-5).
1
Let a(w) = 4*w + 5*w + 2*w - 3 - 7*w + 6. Let k(r) = 3*r**3. Let l be k(-1). Give a(l).
-9
Let i = 13 + -12. Let p(q) = 3*q**2 - q - 2. Let v(a) = a**3 - a**2 - a + 1. Let w(k) = i*v(k) + p(k). What is w(-3)?
-4
Let d(x) = 4*x + 5. Let a be d(-8). Let p = a + 23. Let h(j) = -j + 3. Determine h(p).
7
Suppose -o = -4*l - 4*o + 7, -4*l + 4*o = 0. Let z(r) = -r - 1. Calculate z(l).
-2
Let w(c) be the third derivative of c**4/12 + c**3/2 - 30*c**2. Let i(d) = 4*d + 5. Let f(m) = 4*i(m) - 9*w(m). Suppose 11 + 7 = -3*u. What is f(u)?
5
Let z = 17 - 16. Let v be 2 + (-1 - -2)*z. Let m(k) = -7 + 16 - 9 + 2*k. Calculate m(v).
6
Let z(t) be the third derivative of -11*t**6/720 - 7*t**4/12 + 11*t**2. Let b(r) be the second derivative of z(r). Determine b(-1).
11
Let w(j) = -2*j**2 - 16*j + 3. Let u be w(-8). Suppose -u*z - 8 = 5*z. Let q(i) be the second derivative of 3*i**5/10 + i**4/12 + i**3/6 - 2*i. What is q(z)?
-6
Let n(a) = 7*a**2 - 4*a - 4. Let v be n(-2). Let c = v - 28. Let f(u) = u**3 - 5*u**2 + 5*u + 1. Calculate f(c).
5
Suppose 2*i = -0*i + 32. Let m = i + -9. Let w(t) = -t**2 + 1 + 0 + 32*t + m - 33*t. What is w(0)?
8
Let m = -104 + 213. Let i = m + -107. Let s(r) = 3*r**2 - r + 2. Determine s(i).
12
Let p(o) = -o + 2*o + 4 + 4*o - 4*o. Determine p(-13).
-9
Let v(h) = 8*h - h**2 + 4 + 6 + 6 - 18. Determine v(4).
14
Let r(q) = 5*q**3 - q**2 - 12*q - 1. Let h(k) = 19*k**3 - 5*k**2 - 46*k - 3. Let c(l) = 4*h(l) - 15*r(l). Give c(6).
15
Let c(l) = 8 - 524*l**2 + 1062*l**2 - 533*l**2 + l**3. What is c(-5)?
8
Let o(b) = -3*b - 12. Suppose 0 = -4*k - n - 26, 2*k - 9*n = -12*n - 8. Give o(k).
9
Let w(g) = -g - g + g**2 - 3 + 2. Let h = -316 + 315. Give w(h).
2
Let z(u) = 4*u**2 - 1. Let y(q) = q**3 + 6*q + 7. Let o(h) = y(h) - 2*z(h). Let r be 7 - (-2 - (1 + -3)). Give o(r).
2
Let h(l) = -l**3 - 4*l**2 - 2*l + 1. Suppose 3*o + 2 = 2*j + o, o + 1 = 4*j. Let s = j - 3. Give h(s).
-2
Let k(f) = 8*f**2 - 9*f - 23. Let j(p) = 9*p + 17. Let n(v) = -v**2 - v - 1. Let o(g) = j(g) + 5*n(g). Let t(z) = -3*k(z) - 5*o(z). What is t(-6)?
3
Let r(w) = w. Let t(s) = -s**2 + 3*s. Let c(i) = 2*r(i) + t(i). Let j(x) = x**3 + 2*x**2 - 2*x. Let o be j(-2). Suppose o*l - 71 = -51. What is c(l)?
0
Suppose -5835 = -5*b + 5*j, -b + 1164 = -0*j + 2*j. Let i(w) = 4 - w**3 - 10*w - 1 + b*w**2 - 1158*w**2. Determine i(7).
-18
Let j(d) = -d - 1. Let h(o) = o**2 + 18*o - 51. Let g be h(-21). Give j(g).
-13
Let k(f) = 3 - f - 2 - f. Let a be ((-374)/33)/(-17) + 8/6. Give k(a).
-3
Suppose 4*o - 4*t = -20, 4*o + 2 = 3*o - 2*t. Let w(h) = -h**2 - 7*h + 5. What is w(o)?
17
Let d be 12/8*-1*2. Let u(k) = -k**3 - 2*k**2 - k - 2. Let g be u(d). Suppose -g = 2*m - 0*m. Let b(z) = -z**3 - 6*z**2 - 7*z - 2. Calculate b(m).
8
Let t(a) = 2*a + 6. Let s(x) = x + 5. Suppose 4*l = 2*l + 8. Let w(z) = l*t(z) - 5*s(z). Give w(3).
8
Suppose 0 = -d - 2*f + 11, 1 = -4*f + 17. Let t(h) = h**2 - h - 1. Calculate t(d).
5
Suppose 5*h - 119 = -2*h. Let p(d) = -12 + 0*d**2 - d**2 - 6*d + h. What is p(-6)?
5
Suppose 0 = 10*b - 11*b - 7. Let z(f) be the third derivative of f**4/24 + f**3/3 + 13*f**2. Calculate z(b).
-5
Let a(h) = -h**2 - 8*h + 4. Let t = -494 - -489. Determine a(t).
19
Let b(j) = j**2 + 12*j + 14. Let d be b(-11). Let o(x) = 2 + 6*x + 1 - d. Let g = 6 - 7. What is o(g)?
-6
Let b(w) be the second derivative of -7/2*w**2 + 7/3*w**3 + w**4 + 34*w + 0 - 1/20*w**5. Calculate b(13).
6
Let d(g) = g**3 + 5*g**2 + 2*g + 2. Let m(y) = -116*y - 2. Let u be m(-1). Let v = u - 118. Give d(v).
10
Let q be (-41)/(-123)*(-3)/(-1). Let j(m) = 7*m. Determine j(q).
7
Let i(n) = 5*n - 4. Let v(z) = 4*z - 4. Let l(w) = -3*i(w) + 4*v(w). Let y(t) = t + 8. Let f be y(-10). Let d be (2 - f)*10/8. Determine l(d).
1
Let s(j) = 12*j**3 + 4*j**2 + 20*j - 16. Let v(t) = 7*t**3 + 3*t**2 + 10*t - 8. Let f(z) = 4*s(z) - 7*v(z). Calculate f(-7).
20
Let m(u) = u**2 + 16*u + 53. Let i be m(-12). Let f(o) be the third derivative of o**6/120 - o**5/12 - o**4/12 + 2*o**3/3 + o**2. What is f(i)?
-6
Let o(z) be the third derivative of -z**4/4 - 5*z**3/6 + 113*z**2. What is o(-3)?
13
Let l(h) = -h**2 - 8*h - 12. Let r = 603 - 611. What is l(r)?
-12
Let j = 55 - 48. Let u(k) = k**2 - 9*k + 16. Calculate u(j).
2
Let x(k) = -8*k - 11. Let l(u) = -7*u - 10. Let w(m) = 7*l(m) - 6*x(m). Let i be -7*1/(-2)*-2. Give w(i).
3
Let b(v) = -v + 4. Let d be -2 + -1 + (-6 - (-45)/5). Determine b(d).
4
Let q = -20 + 22. Let c(m) = -16 + 18 - m**3 - 3*m + 4*m**2 - m**q. Give c(2).
0
Let h(t) = -6*t - 1. Suppose 4*m + 55 = 35. What is h(m)?
29
Suppose -3*x + 25 = n, -4*n + 3 = x + 2. Let s(m) = -5*m**3 - 2*m**2 - 8*m - 6. Let c(f) = 12*f**3 + 2*f**2 + 16*f + 10. Let q(h) = -3*c(h) - 7*s(h). Give q(x).
3
Let d(u) = u**3 + 7*u**2 + 8*u + 6. Let t be d(-6). Let l be (3/t)/(5/10). Let m(n) = n**3 + 1. Calculate m(l).
0
Let c(d) = 5*d + 1. Suppose t + 698 = 697. What is c(t)?
-4
Let u(w) = w**3 + 8*w**2 + 7*w - 5. Let v = -8 - -18. Suppose -v = 2*r + 4. Calculate u(r).
-5
Let j(s) = 3*s - 1. Let r be 1 - ((-12)/(-4) - 2). Suppose -4*x = -r*x - 8, 3*x = -4*i - 14. Let l be 4 + i + (-1 - 1). Give j(l).
-10
Let j(k) be the first derivative of k**3/3 + 9*k**2/2 - 8*k + 132. Give j(-10).
2
Let a be 43/(-43) + (-4)/(6/3). Let i(r) = r**3 - 2*r**2 - 3*r + 1. Determine i(a).
-35
Let a(i) = -6 - 3*i - i**2 + 11563*i**3 - 11562*i**3 + 2*i. Calculate a(0).
-6
Let o(k) be the third derivative of -k**6/120 - 7*k**5/60 - k**4/4 - k**3/3 - 2*k**2. Suppose -3*r + 9 = -2*a, -4*r = -77 + 81. Give o(a).
-2
Suppose -28*a = -61*a - 231. Let u(c) be the third derivative of -1/60*c**5 + 0*c + 0 + 1/2*c**3 - 7/24*c**4 - 2*c**2. Determine u(a).
3
Let i(m) = 3*m**2 - 3*m + 11. Let z(p) = -p**2 + p - 5. Let n(a) = 2*i(a) + 5*z(a). Let f = -172 + 172. Calculate n(f).
-3
Let r(b) = b**3 - 9*b**2 - 10*b - 3. Let y(h) = -h**3 + 9*h**2 + 